pose 0 = -v + 4*v + 2*s - 20, -4*s - 14 = -3*v. Is h(v) a prime number?
True
Suppose a + m + 971 - 5347 = 0, 0 = a - 4*m - 4361. Is a a composite number?
False
Let x be (-4)/8 - 5/(-2). Let n(q) = 572*q - 5. Is n(x) prime?
False
Suppose 94*j + 11579 = 95*j. Is j a composite number?
False
Let n = 54 - 116. Let f = 37 + n. Let c = -12 - f. Is c prime?
True
Suppose -5*z + 1 = -3*q, 0 = -2*z + 3*q - 2 - 3. Let x = 147 + 56. Suppose x = u + z*t, -298 = -3*u - 3*t + 314. Is u prime?
False
Suppose 3*v + 2*n = v + 868, 3*n - 432 = -v. Suppose -3*j - 5*f = 395, -3*j - f - v = -4*f. Let g = 235 + j. Is g composite?
True
Let y(i) = 11*i**2 + 4*i - 20. Let z(t) = -3*t**3 + 19*t**2 - 7*t - 1. Let g be z(6). Is y(g) a prime number?
True
Suppose 0 = -z + 4*s + 2, 0 = 4*z - 5*s - 0 - 8. Let n be (z/(-4))/(1/(-4)). Suppose -2*j - 44 = -n*x + j, 82 = 4*x - 3*j. Is x prime?
True
Let w = -4037 - -11668. Suppose 3*d - w = 3742. Is d composite?
True
Suppose -4*s = -z - 5, -4*s = 9*z - 13*z + 4. Suppose z*u + 2*u = 2*o + 4683, 5*o - 2816 = -3*u. Is u composite?
False
Let h = 1197 - 2567. Is 2/((-2744)/h - 2) composite?
True
Suppose 0 = 5*a - 2 - 8. Suppose -q = -1 + a. Is 26*(-3)/(-1) - q composite?
False
Suppose 15 = -3*m - 3*z, 3*m - 4 - 1 = z. Suppose -o + 5 = -m*o. Suppose 3*h + 2*y = 213, 0 = h - o*y - 37 - 17. Is h composite?
True
Suppose 0 = 5*f - 19 + 29. Is (-10297)/(-7)*(3 + (f - 0)) a composite number?
False
Suppose -5*y - 253 - 4115 = -4*b, -4*y - 4364 = -4*b. Is b prime?
True
Suppose 79*y - 82*y = -69711. Is y a prime number?
False
Let b(k) = 70*k + 31. Is b(7) a prime number?
True
Let q(r) = 28*r**2 - 33*r + 583. Is q(14) composite?
True
Let c = 35011 + -19950. Is c composite?
False
Let q(o) be the second derivative of 19*o**4/12 + 5*o**3/6 + 5*o**2/2 + 3*o. Let r be (3/1)/(1/(-1)). Is q(r) a composite number?
True
Let c = -5 + 9. Suppose c*q + 473 = -111. Let i = q + 232. Is i composite?
True
Let i = -14 + 16. Suppose 1460 = 6*t - i*t. Let f = -114 + t. Is f a composite number?
False
Let u(q) = -4*q**3 - 5*q**3 + 41 + 13*q - 24*q**2 + 14*q**3 - 4*q**3. Is u(25) composite?
False
Let n(a) = -20*a + 37. Let s(d) = 21*d - 37. Let r(w) = -3*n(w) - 2*s(w). Suppose -4*q - z + 91 - 24 = 0, 0 = -q + 3*z + 7. Is r(q) a prime number?
True
Let w be 1033/6 - 4*(-5)/(-120). Let n = w - 135. Is n composite?
False
Let u(i) = 81*i**2 - i. Suppose 0 = 5*n - 20, -9 = -w - 5*n + 3*n. Suppose 0 = p - 7*a + 2*a + 1, p = 2*a - w. Is u(p) a composite number?
True
Let q = 1925 + 1782. Suppose -o = 2*d - 1977, 3*o - 2208 = 2*d + q. Is o prime?
True
Suppose 265 = 2*k + k - t, 0 = -t - 1. Let q = 31 + -22. Suppose f = -q + k. Is f composite?
False
Is (-1)/3*3 + 2150 + 0 prime?
False
Is -9*(-12)/(-18) + 59336/8 a prime number?
True
Let j(m) = 14*m**2 + 10*m + 15. Is j(11) composite?
True
Let m be 56/(-10) + 6/(-15). Let s(p) = -p - 8. Let d be s(m). Is 14/(5 - (1 - d)) a prime number?
True
Suppose 40*j - 73294 = 14*j. Is j a composite number?
False
Let w(u) = -2*u**2 + 2*u + 17. Let m(a) = -a**2 + a + 8. Let l(x) = 9*m(x) - 4*w(x). Let c be l(-3). Is (-3)/12 + (-6090)/c prime?
True
Suppose 0*f = -4*f. Suppose -5*g - 33 = -5*m - 8, -m - g - 1 = f. Is m composite?
False
Suppose -3*a = 26 + 124. Suppose 7*j + 216 = 10*j. Let l = j + a. Is l prime?
False
Let x = 25429 - 4508. Is x composite?
False
Suppose 4*h - 19 - 21 = 0. Suppose h*a = 10325 + 2285. Is a prime?
False
Let t(p) = 30*p**2 - 8*p + 3. Let v be t(9). Let b = v + 1058. Is b a composite number?
True
Suppose -2*k - 4513 = w - 12916, 0 = -k + w + 4200. Is k a prime number?
True
Let a be (-6)/24 + (-4765)/(-4). Suppose 5*d + a - 3651 = 0. Suppose 2*s - d = -2*s. Is s composite?
True
Let o = -13 + 16. Suppose 0*i = o*i - 339. Is i composite?
False
Let y(w) = 341*w**2 - 12*w - 13. Is y(12) a prime number?
True
Let l(f) = 237*f**2 - 1. Let n be l(2). Let i = -154 + n. Is i a composite number?
True
Suppose -3*l = -u + 139, -5*u + 917 - 248 = -2*l. Let s = u + -51. Is s a composite number?
True
Is 119568/32*4/6 composite?
True
Suppose -8*t = -10*t + 3*m + 11835, -2*t + 4*m + 11834 = 0. Is t a prime number?
False
Let o = -10508 + 23439. Is o prime?
False
Let n(c) = 137*c + 34. Let u = -17 - -34. Is n(u) a composite number?
True
Let q = -424 + 479. Is q composite?
True
Suppose -3*q = s - 5*q - 10, 22 = s - 5*q. Is s/10 - (-1894)/5 a prime number?
True
Suppose 14*a + 4205 = 19*a. Let o = a + -502. Is o a composite number?
True
Suppose 2*h - 183 - 129 = 0. Let t = h - 28. Suppose 4*v + 4*d + 24 = t, 0 = d - 4. Is v a prime number?
False
Suppose -159*k = -201*k + 7767858. Is k composite?
False
Let s be 21/(-1 + -2) - -1. Is (1 - -537) + (6 - 3) + s composite?
True
Let h = -22 - -24. Suppose -h*r = -5*r + 1221. Is r a composite number?
True
Suppose 7*l = 3*l. Suppose -2*b + 0*b + 1004 = -5*w, w + 2 = l. Suppose -676 = -4*z - 2*p - 2*p, -2*p - b = -3*z. Is z a composite number?
False
Suppose 2*h = -4*d + 138, h - 129 = -4*d - 4*h. Let r = d + 57. Let o = r - -46. Is o a prime number?
True
Suppose 6 = -3*u - 12. Let c be (u/8)/((-4)/3664). Suppose c = 3*f + 150. Is f composite?
False
Let m = 13 + -13. Suppose m = -5*z + 5*x + 80, 0*z - 2*z + 3*x = -27. Is (z + -4)*(-7)/(-1) prime?
False
Let y be ((-14)/(-6))/(6 - (-68)/(-12)). Suppose -10*c - y = -117. Is c a prime number?
True
Let f(v) = -1937*v - 3. Let s be f(2). Let c = -1860 - s. Is c a composite number?
False
Let t(m) = m**2 + 7*m - 16. Let l be t(-11). Is (7/l + (-7)/4)*-274 composite?
True
Let v(y) = -y**2 + 9*y - 6. Let m be v(6). Suppose 0 = -i - 5*c + 46, i + 88 = 4*i + 5*c. Let g = i - m. Is g a prime number?
False
Is -1*(34 - 33)/((-2)/7438) a prime number?
True
Suppose 25 = -6*a - 5. Let n(o) = 2 + 8*o - 27*o + 7*o - 31*o. Is n(a) a composite number?
True
Let z(n) = 21*n**2 - 2*n. Let o(f) = -10*f**2 + f. Let v(t) = -13*o(t) - 6*z(t). Let p be v(1). Let a(c) = 5*c**2 - 3*c + 1. Is a(p) a composite number?
False
Suppose 2*l - 959 = -3*p, -3*l + 4*p + 507 = -2*l. Suppose 3*i + u = l, 0*i + 4*i + u - 650 = 0. Suppose 0 = 3*d + 4 - 13, -4*q + i = 5*d. Is q prime?
True
Let u be (-55)/(-22)*(1 + 1). Let b(z) = -3*z**2 + 2*z + 8. Let h be b(u). Let p = -34 - h. Is p composite?
False
Suppose 0 = 4*x - m - 52, 0 = -2*x + 5*x + 2*m - 39. Suppose -7*n = -x*n + 13998. Is n composite?
False
Let d(q) = -4*q**2 - 41*q + 20. Let o(c) = c**2 + 8*c - 4. Let h(y) = 2*d(y) + 11*o(y). Let p be h(-3). Suppose -406 = -p*j + 2269. Is j a composite number?
True
Let l be (-171)/(-38)*(-8)/(-18). Suppose 4*c = l*c + 326. Suppose -3*f + b + c = 0, 3*f + 3*b = 2*f + 41. Is f prime?
True
Suppose 0 = -2*a + 3*a + 3*i - 1154, 0 = -3*a - 5*i + 3474. Suppose -2*t - a = -3*t. Is t a composite number?
False
Let v be (-2)/(-2) + (-7 - -5). Let h be 5 - 4 - (-217 + v). Suppose 11 = 2*t - h. Is t a prime number?
False
Suppose 34*d - 13797 = 7*d. Is d a prime number?
False
Suppose 0 = -4*b - 16, 2*p = 2*b - 3*b. Suppose -4239 = -4*v + w, -4*v + 4704 = -p*w + 470. Is v a prime number?
True
Let s be (2 + -2)*-1 - -12. Suppose p = 4*v - 281, v - 58 = 2*p + 14. Is s/(-10)*v/(-4) a composite number?
True
Let n be 2 + (-9)/((-36)/10856). Let f = n + 447. Is f a composite number?
False
Suppose -5*g = g - 132. Suppose 3*m - g = -10. Suppose -3*j = 2*f - m*j - 4293, 4*j - 20 = 0. Is f a prime number?
False
Let r = -12 + 14. Suppose 2*k = -h - 0*h + 6, 3 = r*h - 5*k. Suppose 5*g = z - 277, h*z + 3*g - 1156 = -g. Is z a prime number?
False
Let y(o) = -2*o**3 - 4*o**2 + o + 3. Let w be y(-3). Let h be (-2434)/w - 2/(-9). Let d = h + 232. Is d prime?
True
Let m(h) = -2*h**2 + 10*h + 13. Let n be m(-7). Let s = 402 - n. Is s a composite number?
False
Suppose m + 19*j - 13669 = 14*j, -8*m + 4*j + 109176 = 0. Is m a composite number?
False
Let s(o) = -4*o + 14. Let p be s(4). Is (74864/(-6))/4*3/p composite?
False
Let n be 6/10 + 34/10. Suppose r = n*r. Is 373 - (2 - (r + 2)) composite?
False
Let w be (-18)/21*(-49)/(-7). Let i(q) = -27*q - 13. Is i(w) a composite number?
False
Suppose y - 1999 - 160 = 0. Is y composite?
True
Let j(q) = -29*q - 12. Suppose 71 - 16 = -5*p. Is j(p) composite?
False
Suppose 4*m - 2*g + 4 = 0, 2*m - 5*g + 0 + 2 = 0. Let a(f) = 144*f**2 + 2*f + 1. Is a(m) a prime number?
False
Let x = 29110 - 926